d f.
12
Let y = -2 + 5. Suppose 5*q - 3*g = -0*g - 9, 9 = -3*q + 3*g. Let a be 15 - q*y/(-9). What is the greatest common factor of a and 5?
5
Let p = 49 - -47. What is the greatest common divisor of p and 12?
12
Let l = 0 + 9. Let b be 16/12 + (-2)/(-3). Suppose -8 - 10 = -b*s. Calculate the greatest common divisor of l and s.
9
Let h = 396 - 370. Calculate the highest common divisor of h and 208.
26
Suppose -f - 3*f = -m + 50, -68 = 5*f - 4*m. Let t = f + 46. What is the highest common factor of t and 68?
34
Let u = -77 - -146. Suppose 347*f - q = 345*f + 98, -2*f + 104 = -2*q. Calculate the highest common factor of f and u.
23
Let m(r) = -5*r**3 + r**2 + r - 1. Let w be m(1). Let p = 13 + w. Let i be (-13 - -17)/((-4)/(-6)). What is the highest common factor of i and p?
3
Suppose -221 = -p + 2*s, 5*s + 131 = p - 96. Suppose 10*b = p - 57. Let o be (-14)/(-2) - (-2 - -1). Calculate the greatest common divisor of o and b.
8
Let z be (-8)/18 + -10 + 1700/18. What is the greatest common divisor of 1092 and z?
84
Suppose 0 = 5*w - 0*w - 225. Let d = -75 + 31. Let m = -14 - d. Calculate the highest common factor of w and m.
15
Let o = 173 + -107. Let s = -16 + o. Let g = 16 + -6. Calculate the highest common divisor of g and s.
10
Suppose -2*s - 21 = 17. Let u be ((-12)/14)/(s/266). What is the highest common divisor of u and 36?
12
Suppose 24*w - 1661 = 19. Calculate the greatest common factor of 630 and w.
70
Suppose -3*l - s = 79 - 33, -5*s = -4*l - 55. Let i(u) = 0*u - 4*u - 15 + 2*u. Let q be i(l). What is the highest common factor of q and 6?
3
Let v(b) = b**2 - 33*b + 336. Let z be v(12). What is the greatest common divisor of 189 and z?
21
Let z be (-28 + 23)/(5/(-34)). What is the highest common factor of z and 306?
34
Let f be 163/6 + (-2)/12. Let d = 150 + 147. What is the highest common divisor of f and d?
27
Suppose 2*z + 6 = 0, 80 = 3*p + 3*z - 40. Suppose 20 = -3*o - 2*o. Let q = o + p. What is the highest common divisor of 13 and q?
13
Suppose 4*c = -f + 536, -11*f = 5*c - 12*f - 670. Calculate the greatest common divisor of 335 and c.
67
Suppose -180 - 336 = -6*c. Let a = c - 32. Let b = 22 + -16. Calculate the highest common divisor of a and b.
6
Let p be (-264)/(-27) + 2/9. Suppose 5*i = p + 5. Suppose 0*n = -i*n + 51. Calculate the greatest common divisor of 51 and n.
17
Let n(u) = 102*u - 100. Let p be n(3). What is the highest common divisor of p and 2?
2
Let m = -329 - -472. What is the greatest common factor of m and 33?
11
Let g = 515 - -19. Suppose -4*r = -4*i + r + 525, 0 = -4*i + 2*r + g. Calculate the greatest common divisor of 54 and i.
27
Let t be (-20)/(-5) + 7 + 5. Suppose t = -c + 31. Calculate the highest common divisor of 120 and c.
15
Let m(w) = w**3 - 6*w**2 + 6*w - 3. Let k be m(6). Calculate the highest common divisor of 176 and k.
11
Let d = 32 + -18. Let f be 52/d + (-16)/(-56). Let y be (f/2)/((-2)/(-8)). Calculate the highest common factor of 1 and y.
1
Suppose 0 = 4*d + 2*x - 1276, d + 5 = 5*x + 335. Calculate the highest common factor of d and 10.
10
Suppose 0 = t + 4, -3*c - 3*t = 161 + 106. Let h = -50 - c. Suppose 0 = -n + 17 - 12. What is the highest common factor of n and h?
5
Let i = -170 - -255. Calculate the greatest common factor of 10 and i.
5
Suppose -10 = -4*p - p. Let o be 13/3 - (-8)/12. Suppose 3*h - 38 = -c + 3*c, o*h - 54 = c. What is the greatest common factor of h and p?
2
Let q be -4*((-20)/(-5))/(-8). Let j be 20/4*5*(q - 1). Calculate the highest common divisor of 25 and j.
25
Let v(s) = -s**2 - 26*s - 128. Let f be v(-19). What is the highest common divisor of f and 295?
5
Let x(w) = 2*w**2 - 6*w + 10. Let k be x(2). Calculate the greatest common factor of k and 246.
6
Let i = -111 - -192. Suppose 5*h + 2*s - 28 = 3*h, 3*h - 4*s - 7 = 0. Calculate the highest common divisor of i and h.
9
Suppose -3*q = -4*q + 330. Calculate the greatest common factor of 90 and q.
30
Suppose 8*j = 5*j + 108. Suppose j = -h - 18. Let k be ((-2)/3)/(12/h). Calculate the highest common factor of 12 and k.
3
Suppose -2*f - 2*n - 10 = 2*f, -f = -3*n - 15. Suppose f = 3*a - 5 - 7, -o - 20 = -a. Let g be o/3*(-12)/8. What is the greatest common factor of 12 and g?
4
Let s = -43 - -42. Let l(d) = 11*d - 9*d + 1 - 33*d. Let k be l(s). What is the highest common divisor of k and 352?
32
Suppose 0 = -o + 4 - 0. Suppose -3*n = -5*y - 2, 0 = 2*y - o*y + 2*n - 4. What is the greatest common factor of y and 7?
1
Suppose -2*g + 25 = 3*g. Suppose c + 2*c = t - 17, g = -c + t. Let j be ((-3)/(-3))/((-3)/c). Calculate the highest common divisor of j and 6.
2
Let u be 8*(1 - 0/4). Let z be (6/4)/(3/u). Let f = z - -2. What is the highest common divisor of f and 54?
6
Let w be (-6)/(174/(-18) + 9). What is the greatest common divisor of 384 and w?
3
Let c = 728 - 652. What is the highest common factor of 114 and c?
38
Let y be (4/(-6))/(3 + 1135/(-375)). What is the greatest common divisor of 225 and y?
25
Let w be (-20)/30*-96 + 6 + -3. What is the greatest common factor of 1 and w?
1
Let g(a) = -a**3 - a**2 + 7*a + 22. Let q be g(-3). Calculate the highest common divisor of 323 and q.
19
Suppose 1381 = 4*o + 449. Suppose 0 = c - 6*c + 4*i - 623, -c = i + 121. Let f = o + c. Calculate the highest common divisor of f and 22.
22
Suppose 3*l - 2*m = 41, -5*l - 5*m = -20 - 15. Suppose -4*z = x - 306, 75 + 69 = 2*z + 5*x. Calculate the highest common divisor of l and z.
11
Suppose -1913 = 69*b - 6674. What is the highest common divisor of b and 5?
1
Let h = 1 - -21. Let r = 27 - h. What is the highest common divisor of r and 10?
5
Let c(n) = 19*n + 3. Let v be c(3). Let x = 14 - 17. Let k be 3 + (x - -3) + 12. Calculate the greatest common divisor of k and v.
15
Let o = -66 + 84. Suppose -3*w + 15 = -5*l, 2*w - 2 = 5*l + 8. Suppose l = 4*h - 43 - 137. Calculate the greatest common factor of h and o.
9
Suppose 19 = -5*f + 84. Let x = f + -6. Suppose 5*w - 40*w + 980 = 0. Calculate the greatest common divisor of w and x.
7
Suppose -34*v + 5*q - 45 = -37*v, 4*q - 68 = -4*v. Let b = -3 - -5. What is the greatest common factor of b and v?
2
Let t(w) = 2*w + 8. Let y be t(16). Suppose -4*q + q - 12 = 0, 3*l - y = 4*q. Let z be 1*0/(-1) - -2. Calculate the greatest common divisor of z and l.
2
Let f = -3 - -8. Let x be (-2)/3 + 18/27. Suppose x = 4*c - 5*c + r + 52, -c + 70 = 5*r. What is the highest common factor of f and c?
5
Suppose 472 + 788 = 5*f. Suppose -14*n - f = -16*n. What is the highest common divisor of 18 and n?
18
Let x be 25 - (6/18*0 + -6). Calculate the highest common factor of 527 and x.
31
Let w be ((-189)/(-14))/((-3)/(-30)). Suppose 332 + 424 = 14*f. What is the highest common divisor of f and w?
27
Let k be ((-1449)/46)/((-2)/4). What is the greatest common divisor of 35 and k?
7
Let a(t) = -3*t - 3. Let l be a(5). Let v be (30/(-18))/(5/l). What is the greatest common factor of v and 66?
6
Suppose -2*n = -8, -196 = 2*y - 5*y + 5*n. Let t = 111 - 99. Calculate the highest common factor of y and t.
12
Suppose 4*q - 9 = -1. Suppose -16*c + 30 = -11*c - 2*u, 2*u - 24 = -4*c. Calculate the greatest common factor of q and c.
2
Let k(g) = g**2 - 13*g + 14. Let j be k(12). Let y(s) = -7*s + 2 - 6 + 3 - s**j. Let q be y(-5). What is the highest common factor of q and 6?
3
Suppose -4*a = -4*b + 76, 6*a - 4*b - 20 = 8*a. Let r be 276/a*(1 + -9). Calculate the greatest common divisor of r and 92.
46
Let c = 1190 - 1180. What is the highest common divisor of 410 and c?
10
Suppose 6*f - 20 = -4*p + 2*f, 20 = 5*f. Let c be -2*p*(-48)/32. Suppose -4*s + c = -1. Calculate the highest common factor of s and 3.
1
Let v be ((-20)/12 + 1)/(14/(-66129)). Calculate the greatest common divisor of 47 and v.
47
Suppose -f + 3 = 0, 2*f - 3 = 3*r - 3*f. Suppose -5*j = 4*t + 2 + 19, -r*t + 2*j + 14 = 0. Calculate the highest common divisor of 9 and t.
1
Let h(s) = 106*s**2 - 104*s**2 - 5*s + 10*s + 6*s + 4. Let c be h(-7). What is the greatest common divisor of 10 and c?
5
Let f be (1 - 0)/(-5 - (-844)/168). Suppose -4*w = -3*m - w + f, 0 = 3*m + 3*w - 36. Calculate the greatest common factor of 26 and m.
13
Let t = -422 - -424. What is the greatest common divisor of t and 26?
2
Let f = 12 - 22. Let n = f + 10. Let t be n + (3 